{"id":2189,"date":"2025-10-19T10:22:14","date_gmt":"2025-10-19T08:22:14","guid":{"rendered":"https:\/\/terybery.art\/?post_type=product&#038;p=2189"},"modified":"2026-02-15T17:08:43","modified_gmt":"2026-02-15T16:08:43","slug":"strom-zivota-2","status":"publish","type":"product","link":"https:\/\/terybery.art\/?product=strom-zivota-2","title":{"rendered":"Strom \u017eivota"},"content":{"rendered":"<p>Strom \u017eivota, velikost 10x15cm, pou\u017eit\u00fd p\u0159\u00edrodn\u00ed \u0161pag\u00e1tek.<\/p>\n","protected":false},"excerpt":{"rendered":"<p>Strom \u017eivota, velikost 10x15cm, pou\u017eit\u00fd p\u0159\u00edrodn\u00ed \u0161pag\u00e1tek.<\/p>\n","protected":false},"featured_media":2190,"template":"","meta":[],"product_brand":[],"product_cat":[25],"product_tag":[],"class_list":{"0":"post-2189","1":"product","2":"type-product","3":"status-publish","4":"has-post-thumbnail","6":"product_cat-mechove-obrazky","7":"latest_post","9":"first","10":"instock","11":"shipping-taxable","12":"purchasable","13":"product-type-simple"},"_links":{"self":[{"href":"https:\/\/terybery.art\/index.php?rest_route=\/wp\/v2\/product\/2189","targetHints":{"allow":["GET"]}}],"collection":[{"href":"https:\/\/terybery.art\/index.php?rest_route=\/wp\/v2\/product"}],"about":[{"href":"https:\/\/terybery.art\/index.php?rest_route=\/wp\/v2\/types\/product"}],"wp:featuredmedia":[{"embeddable":true,"href":"https:\/\/terybery.art\/index.php?rest_route=\/wp\/v2\/media\/2190"}],"wp:attachment":[{"href":"https:\/\/terybery.art\/index.php?rest_route=%2Fwp%2Fv2%2Fmedia&parent=2189"}],"wp:term":[{"taxonomy":"product_brand","embeddable":true,"href":"https:\/\/terybery.art\/index.php?rest_route=%2Fwp%2Fv2%2Fproduct_brand&post=2189"},{"taxonomy":"product_cat","embeddable":true,"href":"https:\/\/terybery.art\/index.php?rest_route=%2Fwp%2Fv2%2Fproduct_cat&post=2189"},{"taxonomy":"product_tag","embeddable":true,"href":"https:\/\/terybery.art\/index.php?rest_route=%2Fwp%2Fv2%2Fproduct_tag&post=2189"}],"curies":[{"name":"wp","href":"https:\/\/api.w.org\/{rel}","templated":true}]}}