{"id":232,"date":"2024-10-20T08:59:30","date_gmt":"2024-10-20T06:59:30","guid":{"rendered":"https:\/\/terybery.art\/?post_type=product&#038;p=232"},"modified":"2024-10-20T08:59:30","modified_gmt":"2024-10-20T06:59:30","slug":"krystal-2","status":"publish","type":"product","link":"https:\/\/terybery.art\/?product=krystal-2","title":{"rendered":"Krystal 2."},"content":{"rendered":"<p>P\u0159\u00edv\u011bsek 4&#215;4 cm, kousek l\u00e9ta z lesa. Zalit\u00e9 k\u0159i\u0161\u0165\u00e1lovou prysky\u0159ic\u00ed. N\u00e1hrdeln\u00ed z voskovan\u00e9 \u0161n\u016frky 45 cm.<\/p>\n","protected":false},"excerpt":{"rendered":"<p>P\u0159\u00edv\u011bsek 4&#215;4 cm, kousek l\u00e9ta z lesa. Zalit\u00e9 k\u0159i\u0161\u0165\u00e1lovou prysky\u0159ic\u00ed. N\u00e1hrdeln\u00ed z voskovan\u00e9 \u0161n\u016frky 45 &hellip; <\/p>\n","protected":false},"featured_media":233,"template":"","meta":[],"product_brand":[],"product_cat":[23],"product_tag":[],"class_list":{"0":"post-232","1":"product","2":"type-product","3":"status-publish","4":"has-post-thumbnail","6":"product_cat-nahrdelniky","7":"latest_post","9":"first","10":"instock","11":"shipping-taxable","12":"purchasable","13":"product-type-simple"},"_links":{"self":[{"href":"https:\/\/terybery.art\/index.php?rest_route=\/wp\/v2\/product\/232","targetHints":{"allow":["GET"]}}],"collection":[{"href":"https:\/\/terybery.art\/index.php?rest_route=\/wp\/v2\/product"}],"about":[{"href":"https:\/\/terybery.art\/index.php?rest_route=\/wp\/v2\/types\/product"}],"wp:featuredmedia":[{"embeddable":true,"href":"https:\/\/terybery.art\/index.php?rest_route=\/wp\/v2\/media\/233"}],"wp:attachment":[{"href":"https:\/\/terybery.art\/index.php?rest_route=%2Fwp%2Fv2%2Fmedia&parent=232"}],"wp:term":[{"taxonomy":"product_brand","embeddable":true,"href":"https:\/\/terybery.art\/index.php?rest_route=%2Fwp%2Fv2%2Fproduct_brand&post=232"},{"taxonomy":"product_cat","embeddable":true,"href":"https:\/\/terybery.art\/index.php?rest_route=%2Fwp%2Fv2%2Fproduct_cat&post=232"},{"taxonomy":"product_tag","embeddable":true,"href":"https:\/\/terybery.art\/index.php?rest_route=%2Fwp%2Fv2%2Fproduct_tag&post=232"}],"curies":[{"name":"wp","href":"https:\/\/api.w.org\/{rel}","templated":true}]}}